is the remainder when t(-5) is divided by y(9)?
11
Suppose 113*x - 36 = 112*x. Calculate the remainder when x is divided by 5.
1
Let l(j) = -2*j + 3*j**2 - 3*j - 2*j**2 - 3 + 0*j. What is the remainder when 43 is divided by l(7)?
10
Suppose 2*w - 31 = 1. Let j = -4 - 5. Calculate the remainder when w is divided by (-3)/(-9) - 51/j.
4
Let v be 0 - (1 + -1 + 0). Suppose 5*b - 33 - 27 = v. What is the remainder when 45 is divided by b?
9
Let d be 75*(-2 - (-1 + -2)). Let q = d - 23. What is the remainder when q is divided by 18?
16
Let n = 12 + 19. Let y = n - 14. What is the remainder when 50 is divided by y?
16
Suppose 191 = 5*q - 3*k, -106 - 29 = -3*q - 5*k. Suppose -4*d - 40 = -100. Calculate the remainder when q is divided by d + (-2)/(-4)*-2.
12
Suppose 4*c - 2*c + 3*s = 475, s - 695 = -3*c. Suppose 4*t = -t + c. Calculate the remainder when t is divided by 24.
22
Let b(x) = 14*x. Let f be b(-1). What is the remainder when -3 - f - (4 - 2) is divided by 3?
0
Let f(k) = -k**3 - 2*k + 14. What is the remainder when 123 is divided by f(0)?
11
What is the remainder when 55 - -1*(0 + 3) is divided by 15?
13
Let l(m) = 1 + 5*m**3 + 11*m**3 + 28*m**3. Let v be l(1). What is the remainder when 39 is divided by v/12*16/3?
19
Suppose 36 = 4*t - 8. Let l = 9 + -4. Suppose d = -4*g + 16, -d + 105 = 4*d - l*g. Calculate the remainder when d is divided by t.
9
Let y = 27 - 40. Let d(w) = w**3 + 12*w**2 - 13*w + 18. What is the remainder when 69 is divided by d(y)?
15
Suppose 6 + 12 = k. Suppose -5*h + 9 = -1, 18 = 2*x + 4*h. What is the remainder when k is divided by x?
3
What is the remainder when ((-55)/2 + (15 - 17))*-2 is divided by 31?
28
Let m(q) = 4*q**3 - 16*q**2 + 12*q - 15. Let i(b) = b**3 - 4*b**2 + 3*b - 4. Let d(u) = 9*i(u) - 2*m(u). Calculate the remainder when 17 is divided by d(4).
5
Let c(l) = -l**3 - 9*l**2 + 3*l - 4. What is the remainder when c(-10) is divided by 17?
15
Suppose 14 = -4*d + 6. What is the remainder when 54 is divided by d - 4*-2*2?
12
Let y = -1 + 0. Let f be -2 - (79/y - -1). Suppose -2*n = -4*n + f. What is the remainder when n is divided by 13?
12
Let a(c) = -1 + 0 + 3*c - 7*c. What is the remainder when 19 is divided by a(-2)?
5
Suppose 67 = 5*j - 63. Calculate the remainder when 70 is divided by j.
18
Let t(s) = s + 6. Suppose -4*i = -0*i - 88. Calculate the remainder when i is divided by t(7).
9
Let r(w) = 2*w**3 - 9*w**2 + 4*w. What is the remainder when r(5) is divided by 13?
6
Suppose -10*m + 156 = -6*m. Calculate the remainder when m is divided by 14.
11
Suppose 3*l - 51 = 3*d, 2*l + 0*d - 34 = -5*d. Suppose -2*b + 39 = 3*c + 5, -5*b = -c - l. Calculate the remainder when 12 is divided by c.
4
Let s = 7 + -6. Suppose -4*r = -12, 5*r - 5 = 2*y + 6. Calculate the remainder when y is divided by s.
0
Let v(b) = -b**3 + 8*b**2 + 5*b + 3. Let a be v(7). Suppose a = 5*z - 33. Calculate the remainder when z is divided by 9.
6
Suppose -7*o + 2*o = -10. Calculate the remainder when 3 is divided by o.
1
Let h(m) = 3*m**2 + m + 2. Let l(p) = 10*p**2 - p + 1. Let n be l(1). Let z be 16/(-20)*n/(-4). What is the remainder when h(z) is divided by 6?
4
Suppose 3*t = 4*o - 11, 3*o + 2*t - 18 = t. Let r = -4 - -3. Calculate the remainder when o is divided by (-20)/(-6) - r/(-3).
2
Let a be (-1 + 31)*(-16)/6. Let v = 114 + a. What is the remainder when v is divided by 9?
7
Suppose 20*l = 18*l + 122. Let w(z) = -2*z + 4. Calculate the remainder when l is divided by w(-6).
13
Let k(y) = y**2 + 3*y - 2. Suppose -2*o + 5*x + 9 = -4, -2*x - 7 = o. Let j(l) = -6*l - 1. What is the remainder when k(2) is divided by j(o)?
3
Let f = -27 + 59. Suppose 2 = -3*a + f. Calculate the remainder when 28 is divided by a.
8
Suppose 0 = -h + 4, -3*h + 2*h = 2*j - 20. Suppose -3*m + 8*m - 115 = 0. Calculate the remainder when m is divided by j.
7
Suppose 2*f - 7*h = -3*h + 74, -2*f = -h - 68. Calculate the remainder when f is divided by 19.
14
Suppose m - 24 = -3*m. Calculate the remainder when 110 + m*(-2)/4 is divided by 36.
35
Calculate the remainder when (-8)/12*(3 - 42) is divided by 14.
12
Suppose 5*f - 4*f = 0. Let u = -66 + f. Calculate the remainder when (-1)/(0 - (-3)/u) is divided by 12.
10
Suppose 3*i + 60 = -2*i. What is the remainder when (34/6)/((-3)/(-9)) is divided by 8/i*-15 - 4?
5
Suppose 2*h + 2*w = -0 + 28, 2*h + 5*w - 22 = 0. What is the remainder when 204 is divided by h?
12
Suppose 6*t + 6 = 474. Suppose 5*n = 3*h - h + t, n + h = 17. What is the remainder when 63 is divided by n?
15
What is the remainder when 3 + 39 + (-2 - -2) is divided by 22?
20
Suppose 0 = -3*o - 5*r + 192, 3*o - 5*o + 103 = -5*r. Calculate the remainder when o is divided by 30.
29
Let h(d) = -23*d - 223. Let v = -32 + 58. Calculate the remainder when v is divided by h(-10).
5
Calculate the remainder when 38 is divided by (2*30/(-16))/(6/(-16)).
8
Suppose 2*u - 4*y - 38 = 0, -u + 2*y = 2*u - 45. Calculate the remainder when 51 is divided by u.
12
Suppose n - 20 = -2*w, -3*w - 7*n = -5*n - 31. Suppose 0 = -4*y + 2*x + 20, -y = -3*y + 4*x + 22. What is the remainder when w is divided by y?
0
Suppose 6*q - 10 - 68 = 0. Calculate the remainder when 88 is divided by q.
10
Let f(y) = 7*y**2 + y + 4. Calculate the remainder when f(-3) is divided by 13.
12
Suppose c - 37 - 12 = 0. Suppose 1 + 16 = s. What is the remainder when c is divided by s?
15
Calculate the remainder when 74 is divided by (-30)/(-195) - 323/(-13).
24
Let f = -13 - -25. What is the remainder when 33 is divided by f?
9
Let t = -13 + 18. Suppose -3*p = t*v - 8, -p + 5*v = v - 14. Calculate the remainder when 10 is divided by p.
4
Let r = -52 - -76. Calculate the remainder when r is divided by 14.
10
Let d(l) = -3*l - 4. Let a(v) = -9*v - 11. Let z(k) = 3*a(k) - 8*d(k). What is the remainder when 19 is divided by z(-4)?
8
Let g = 11 - 6. Suppose -5*s - a + 132 = 0, -3*a = -g*s - a + 126. Suppose 0 = -o - 5*t - 11, 2*o + t - 10 = -t. Calculate the remainder when s is divided by o.
8
Let n(o) = 14*o**2 - 1. Let j be n(2). Suppose 4*u = -j + 191. What is the remainder when u is divided by -3 - (-2)/1*(-30)/(-4)?
10
Let l = 4 + -3. What is the remainder when ((-3)/6)/(l/(-40)) is divided by 1 - (4 + 0) - -14?
9
Let x = -145 - -174. What is the remainder when 53 is divided by x?
24
Suppose 5*l = 59 + 6. Suppose 4*q + 25 = -75. Let w = 74 + q. Calculate the remainder when w is divided by l.
10
Let s = 132 + -96. What is the remainder when s is divided by 14?
8
Let u(i) = 6*i**3 + i**2 - 2*i + 2. Suppose -h = 4*h - 3*g - 19, 5 = h - g. Let k(w) = 10*w - 7. Calculate the remainder when u(h) is divided by k(2).
11
Suppose 3*t - 14 - 17 = -2*b, -5*t - 90 = -5*b. Calculate the remainder when 30 is divided by b.
13
Suppose -52 = -r + 3. What is the remainder when r is divided by 14?
13
Let v = -3 - -38. Suppose -3*u + 259 + v = 0. Calculate the remainder when u is divided by 25.
23
Suppose -l + 36 = l - y, -4*y = 16. Let k(o) = 10*o + 5. Calculate the remainder when k(4) is divided by l.
13
Let q = -34 + 80. What is the remainder when q is divided by ((-2)/5)/((-1)/40)?
14
Let h(q) = -q**2 + 1. Let a be h(1). Suppose -4*o - o + 125 = a. Suppose -5*w + 65 = 4*k, 4 + 35 = 3*w + 5*k. Calculate the remainder when o is divided by w.
12
Suppose 5*r + 9 = 99. Let j = -9 + r. Calculate the remainder when 33 is divided by j.
6
Let d = 14 - 7. Suppose -d*f = -4*f - 21. Suppose -c + 4 + 16 = 0. What is the remainder when c is divided by f?
6
Suppose -2*m + 13 = 5. Suppose -2*j - j + 71 = -h, m*h = 4*j - 84. Let b = 21 + -12. What is the remainder when j is divided by b?
7
Suppose -3*v = -d + 29, -3*d = -7*d - 4*v + 52. What is the remainder when 49 is divided by d?
15
Suppose 1 = -2*o + 9. Suppose -u + 50 = o*u. Let t = -5 - -8. Calculate the remainder when u is divided by t.
1
Suppose 3*j - 17 + 5 = 0. Suppose 0 = -3*i + 2 + j. What is the remainder when 4 is divided by i?
0
Suppose -y - 4 = 0, 2*f = 4*f + 4*y - 14. Suppose 2*h + 4 - f = -b, h - 8 = -b. Let z(m) = m. What is the remainder when 9 is divided by z(b)?
4
What is the remainder when 22 is divided by 14/(-4)*(-144)/84?
4
Suppose z - 130 = -z. What is the remainder when z is divided by 34?
31
Suppose 33 = 4*c - 23. Let t = 52 - 26. What is the remaind